 units digit of m?
4
Let y(g) = 8*g - 7. What is the tens digit of y(5)?
3
Let h(p) = p**3 + 6*p**2 + 3*p - 7. Let i be h(-5). Let s = 14 + -11. Suppose 4*x = -5*n + 86, -i*x + 26 = s*n - 28. What is the units digit of n?
4
What is the tens digit of 4/10 + 446/10?
4
What is the tens digit of (2*1)/(28/154)?
1
Suppose 12 = x + x. Let o = -3 + x. What is the units digit of o?
3
Let z(c) = -c - 5. Let f be z(-8). Suppose 0 - 12 = -f*b. What is the units digit of b?
4
Suppose 8*t - 3*t = 0. What is the units digit of (0 - 1)*(-1 - t)?
1
Suppose -2*b + 4 = 18. Let f be (-2)/((-3)/9*-2). Let n = f - b. What is the units digit of n?
4
Let t = 18 + -14. Suppose -w = w - t. What is the units digit of w?
2
Let x(i) = i**2 - 2*i + 3. What is the units digit of x(-4)?
7
Let x(w) = 16*w**2 + 2*w - 3. Let i be x(2). Suppose -l = 4*l - i. What is the units digit of l?
3
What is the tens digit of 2/(-12) - 2*1669/(-12)?
7
Let r be (-918)/(-8) - (-10)/40. Suppose 3*w + 2*w - r = 0. Suppose -p + w = 5. What is the tens digit of p?
1
Let t = -1 + 5. Suppose b - 12 = -t*o - b, 5*o = -5*b + 25. Suppose -n = m - 3, o = -2*n + 5*n - m. What is the units digit of n?
1
Suppose 4*u - 16 = -0. Suppose -q + 31 = -3*o, q + 80 = u*q + 4*o. What is the units digit of 21/q*(-1 + 5)?
3
Suppose 5*w + 1190 = 5*f, -5*f + 0*w - w + 1202 = 0. What is the units digit of f?
0
Let w be (0 + -20)*(-6)/4. Suppose -w + 0 = -5*t. Let l = 12 - t. What is the units digit of l?
6
Suppose -k = 4*k - 140. What is the units digit of k?
8
Let c = -49 + 84. What is the tens digit of c?
3
Suppose 4*r = -3*d + 28, 2*d - 3*d = r - 7. What is the units digit of r?
7
Let f = 3 - -19. Let j = f - 15. What is the units digit of j?
7
Suppose 4*h = 3*k + 1, k + 5*h = -k + 30. What is the units digit of k?
5
Suppose t = 5*s - 2*t + 9, 0 = 5*s + 5*t + 25. Let h = 5 + s. Suppose -l + h*l = 10. What is the units digit of l?
0
Suppose -6*d - 146 = -560. What is the units digit of d?
9
Let a = -167 - -379. What is the tens digit of a?
1
Let f(q) = q**2 + 4*q + 1. Let r be f(-3). Let p(s) = 5*s**3 + 3*s**2 + s + 2. Let a be p(r). Let h = a + 46. What is the units digit of h?
8
Let i(d) = d**2 + 8*d + 9. Let k be i(-7). Let p = k + 25. What is the tens digit of p?
2
Let d(o) = 2*o**2 - 5*o + 6. Let p be d(4). Suppose 0 = 3*x - 27 - p. What is the units digit of x?
5
Let p(v) = 33*v + 2. What is the units digit of p(1)?
5
Suppose -2*t = 2*g - 4*g + 28, 3*g + 2*t = 57. Suppose m + 0 = g. What is the units digit of m?
7
Let f be ((-4)/(-5))/(6/45). Suppose -f*j + 13 = -5*j. What is the tens digit of j?
1
Suppose 3*h + 3 = -0*h. Let s(b) = -5*b**3 + b. Let v be s(h). Suppose v*f + g - 6*g = 13, 5*f + 4*g = 47. What is the units digit of f?
7
Let g(c) = -c - 6. Let d be g(-5). Let x = d - 2. What is the units digit of (2/4)/(x/(-48))?
8
Let c = -6 - -10. Suppose -3*i - 4*u = -4, 0 = i + c*u - 2*u. What is the units digit of i?
4
Let y = 129 + -77. What is the units digit of y?
2
Let p = -2 + 6. Let b(w) = 9*w + 9. What is the tens digit of b(p)?
4
Suppose -2*t - 3 = 5. Let l = -7 - t. What is the units digit of (1/l)/((-3)/36)?
4
Let r(c) be the second derivative of 1/20*c**5 + 1/6*c**3 + 5/12*c**4 - 5/2*c**2 - 2*c + 0. What is the units digit of r(-4)?
7
Suppose 0 = -5*a + a + x + 11, -5*x = -4*a + 23. Suppose -j - 3*d = -32, -4*d = 3*j - a*j - 36. What is the tens digit of j?
2
Suppose -25 = -u + 15. What is the units digit of u?
0
Suppose 5*j - 583 = 4*f, -j + 5*f + 117 = 4*f. What is the units digit of j?
5
Let f be (-3)/9 - (-178)/(-6). What is the units digit of (4/3)/(f/(-45))?
2
Suppose -24 = -2*b - 0*b. What is the tens digit of b?
1
Suppose 12*m + 199 = 535. What is the units digit of m?
8
Let z(y) be the second derivative of y**4/12 - y**2/2 - y. Let j be z(1). Suppose j*a + 2 = a. What is the units digit of a?
2
Let u = 137 - 53. What is the tens digit of u?
8
Suppose -2*k - 14 + 0 = 2*o, 2*k = -4*o - 32. Let c = o + 11. What is the units digit of c?
2
Suppose -2*p - 4 = -0. What is the units digit of -3 + 0 - p - -7?
6
Let c = 25 - 1. Suppose -6*z = -7*z + c. What is the tens digit of z?
2
Let h(o) = 86*o + 6. What is the units digit of h(3)?
4
Let n(j) be the third derivative of -j**4/8 - 2*j**3 + j**2. What is the units digit of n(-8)?
2
Let g be (-7)/(-2 + (-6)/(-4)). Suppose -3*u + 2*j + 2*j - 10 = 0, 0 = -2*u - j - g. Let f(d) = -d. What is the units digit of f(u)?
6
Let u = 10 + -6. Let a be 1/(-4) + 218/8. Suppose -13 - a = -u*l. What is the units digit of l?
0
Let h be (3 + 1*-2)/1. Let f = h - 4. Let w = f - -8. What is the units digit of w?
5
Let j = 5 - -18. Suppose -2*o + o = -j. What is the tens digit of o?
2
Let l(k) = k**3 + 5*k**2 + 8*k - 4. Let m(s) = 2*s**3 + 9*s**2 + 16*s - 9. Let h(j) = -5*l(j) + 2*m(j). What is the tens digit of h(-6)?
1
Suppose -4*n = 2*c + 5 - 77, -5*n - 86 = -3*c. What is the tens digit of c?
3
Let k be 12*(-1)/((-3)/(-2)). Let i(f) = 5*f**2 - 2*f - 1. Let s be i(2). Let b = s + k. What is the units digit of b?
7
Suppose 2*a + z - 52 = -z, 0 = -2*a + 4*z + 58. What is the units digit of a?
7
Let y = 71 + -55. What is the units digit of y?
6
Suppose 3*g - 776 = -4*x, 4*x = x - 3*g + 585. What is the hundreds digit of x?
1
Let w(x) = x**3 + 3*x**2 - 6*x - 5. Let k be w(-4). Suppose k*d + 44 = 7*d. Suppose a - d = -2*g, 4*g + 3*a = 5*a + 10. What is the units digit of g?
4
Suppose -3*x = 5*m + x - 22, 0 = 2*m - x - 14. Suppose -3*a = -m*a + 15. Suppose a = 4*y - 27. What is the units digit of y?
8
Let z(p) = p**2 - 11*p - 12. Suppose -4*f = -2*n - 58, 3*n - 13 = -2*f + 4. What is the units digit of z(f)?
4
What is the units digit of 91 - -1*(1 + 2)?
4
Let m(u) = 2*u**3 - 3*u**2 + u - 2. Let n be m(2). Let h be (6/n)/((-9)/(-156)). Let b = h - 17. What is the units digit of b?
9
Suppose 4*q = 2*k - 24 - 2, 2*k = 5*q + 21. What is the units digit of k?
3
Suppose -s = i + 4*s - 78, -2*i + s + 112 = 0. What is the tens digit of i?
5
Let r(h) = h**2 + 2*h + 3. Let o be r(-3). Suppose -3*x - 5*j = -48, 5*x - 2*j = o + 43. What is the tens digit of x?
1
Let x = 311 - 185. Suppose -58 = -4*p + x. What is the tens digit of p?
4
Let h = 97 - 65. What is the tens digit of h?
3
Let j be 0/((0 - 1)*3). Suppose -w - 2*w + 3 = j. What is the units digit of w?
1
Let d = -64 - -96. What is the tens digit of d?
3
Suppose -2*d + 5*s + 9 = 0, -2*s = -5*d - s + 80. What is the units digit of d?
7
Suppose -237 = -4*g + 79. What is the units digit of g?
9
Suppose 0 = 4*d - 4*i - 376, -3*i = -0*i + 9. Suppose 5*p = 2*m + d, 2*p + 0*m = 4*m + 46. What is the units digit of p?
7
Suppose -3*m + 4*t - 2 = 8*t, 16 = 4*m - 4*t. Suppose 7 = -m*p + 21. Suppose 0 = 4*s - 4*y - y - p, 5*y - 5 = 0. What is the units digit of s?
3
Suppose 5*f - 96 = f. Suppose -3*q - f = -5*q. What is the tens digit of q?
1
Suppose 0 = 3*s - 3*x - 21, -2*s - 4*x = 3*s + 10. Let p be -15 + 0/(s/2). What is the tens digit of (-1)/(-5) - 177/p?
1
What is the units digit of (-34)/(-4) - (-1)/2?
9
Let b(v) = 4*v**3 - v**2 + 2*v - 1. Let p be b(1). Suppose p*d - 2*m + 11 - 35 = 0, -4*m = -d - 1. What is the units digit of d?
7
Suppose 2*v = -5*c - v + 201, 2*v = 5*c - 216. What is the units digit of c?
2
Let g(q) = q**3 - 2*q - 3. What is the tens digit of g(5)?
1
Suppose 3*q - 2*q = 3*k - 7, -5*k - 3*q + 7 = 0. Suppose 0 = -s + k*s. What is the units digit of s + ((-1)/(-1) - -3)?
4
Suppose -2*q = -5*q + 276. What is the tens digit of q?
9
Let k = 116 + -66. What is the tens digit of k?
5
Let d = -4 + 5. Suppose -2*n = -d - 49. What is the tens digit of n?
2
Suppose 4*o = -b + 111, -2*b - 5*o = 6 - 216. Suppose -z + 13 + 19 = 4*y, 4*z + 5*y = b. What is the tens digit of z?
2
Suppose 451 = 6*q + 5*q. What is the tens digit of q?
4
Let x(t) = 6*t - 2. Let q(c) = -9*c + 3. Let i(r) = 5*q(r) + 7*x(r). Let u be i(-1). Suppose 2 = 5*o - u*o. What is the units digit of o?
2
Suppose 7*h = 4*h + 30. What is the units digit of h?
0
Let r(w) = 2*w**2 - 9*w + 6. Let f be 6 - 0*(-1)/2. What is the tens digit of r(f)?
2
Let r(w) = -w**3 + 4*w**2 - 3*w + 4. Let k be r(3). Suppose -22 - 2 = -k*u. What is the units digit of u?
6
Suppose 0 = o - 7*w + 4*w + 21, 0 = o - 2*w + 21. Let z = 54 + o. What is the units digit of z?
3
Let o(a) 